{"version":"1.0","provider_name":"Kisl\u00e1ny, nagy foci","provider_url":"https:\/\/kislanynagyfoci.cafeblog.hu","author_name":"L\u00e1szl\u00f3 \u00c1gi","author_url":"https:\/\/kislanynagyfoci.cafeblog.hu\/author\/laszlo-agi\/","title":"KEZD\u0150DIK!","html":"V\u00e9gre el\u00e9rkezett a v\u00e1rva v\u00e1rt nap \u00e9s 23 napon kereszt\u00fcl foci\u0151r\u00fclet lesz!\u00a0:)\r\n\r\nEgy kis kedvcsin\u00e1l\u00f3 azoknak, akiken m\u00e9g nem lett \u00farr\u00e1 az EB-l\u00e1z!\u00a0;)\r\n<p style=\"text-align: center\">[embed]https:\/\/www.youtube.com\/watch?v=rLoFc4X7Tx8[\/embed]<\/p>","type":"rich"}

Kislány, nagy foci

László Ági

KEZDŐDIK!

Végre elérkezett a várva várt nap és 23 napon keresztül fociőrület lesz! :)

Egy kis kedvcsináló azoknak, akiken még nem lett úrrá az EB-láz! ;)
<p style="text-align: center">[embed]https://www.youtube.com/watch?v=rLoFc4X7Tx8[/embed]</p>
