{"version":"1.0","provider_name":"Kisl\u00e1ny, nagy foci","provider_url":"https:\/\/kislanynagyfoci.cafeblog.hu","author_name":"L\u00e1szl\u00f3 \u00c1gi","author_url":"https:\/\/kislanynagyfoci.cafeblog.hu\/author\/laszlo-agi\/","title":"Ibrakadabra!","html":"<p style=\"text-align: justify\"><em>Zlatan Ibrahimovic<\/em> megoszt\u00f3 szem\u00e9lyis\u00e9g, de egy valamiben mindenki egyet\u00e9rt: tegnap az idei \u00e9v eddigi legszebb g\u00f3lj\u00e1t l\u0151tte az angoloknak: 25 m\u00e9terr\u0151l oll\u00f3zott <em>Joe Hart<\/em> kapuj\u00e1ba. A sv\u00e9dek <span style=\"text-decoration: underline\"><em>4:2-re<\/em> <\/span>gy\u0151zt\u00e9k le a<em> H\u00e1romoroszl\u00e1nos<\/em> g\u00e1rd\u00e1t, Zlatan n\u00e9gyszer k\u00f6sz\u00f6nt be. A mai focib\u00f3l hi\u00e1nyoznak az igazi nagy egy\u00e9nis\u00e9gek, de<em> Ibrahimovic<\/em> egyike az utols\u00f3 mohik\u00e1noknak. A <em>Guardian<\/em> internetes kiad\u00e1sa a sv\u00e9d \u00f3ri\u00e1s kor\u00e1bbi g\u00f3ljair\u00f3l k\u00f6z\u00f6lt egy vide\u00f3s \u00f6ssze\u00e1ll\u00edt\u00e1s. Ebb\u0151l szemezgettem, \u00e1muljatok \u00e9s b\u00e1muljatok.<\/p>\r\n<p style=\"text-align: justify\"><a href=\"https:\/\/kislanynagyfoci.cafeblog.hu\/2012\/11\/15\/ibrakadabra\/ibra\/\" rel=\"attachment wp-att-4847570\"><img class=\"aligncenter size-large wp-image-4847570\" src=\"https:\/\/kislanynagyfoci.cafeblog.hu\/files\/2012\/11\/ibra-600x352.jpg\" alt=\"\" width=\"600\" height=\"352\" \/><\/a><\/p>\r\n<p style=\"text-align: justify\"><span style=\"color: #000080\"><strong>1,<\/strong> Anglia ellen l\u0151tt 25 m\u00e9teres oll\u00f3z\u00f3s tal\u00e1lata, amelyr\u0151l Steven Gerrard azt nyilatkozta, hogy p\u00e1lyafut\u00e1sa sor\u00e1n l\u00e1tott m\u00e1r n\u00e9h\u00e1ny sz\u00e9p g\u00f3lt, de Ibrahimovic akrobatikus g\u00f3lja mindet fel\u00fclm\u00falja.<\/span><\/p>\r\n[embed]https:\/\/www.youtube.com\/watch?v=JiQVhYaehL0[\/embed]\r\n\r\n<span style=\"color: #000080\"><strong>2,<\/strong> 2001-2004 k\u00f6z\u00f6tt j\u00e1tszott az Ajaxban, ahol 74 meccsen 35 g\u00f3lt szerzett. K\u00f6vetkezz\u00e9k az egyik legh\u00edresebb tal\u00e1lata, amit a NAC Breda ellen szerzett. Az ellenf\u00e9l j\u00e1t\u00e9kosai az\u00f3ta is sz\u00e9d\u00fclnek. :)<\/span>\r\n\r\n[embed]https:\/\/www.youtube.com\/watch?v=ZgqsaDnsEq8[\/embed]\r\n\r\n<span style=\"color: #000080\"><strong>3,<\/strong> 2006-2009 k\u00f6z\u00f6tt az Inter sz\u00edneiben ontotta a g\u00f3lokat Ibra, 88 meccsen 57 g\u00f3l szerzett. A Bologna ellen balettmozdulathoz hasonl\u00f3 tal\u00e1latot \u00e9rt el, ami k\u00eds\u00e9rtetiesen hasonl\u00edt Alex Del Piero Piacenz\u00e1nak l\u0151tt g\u00f3lj\u00e1ra, amit a 2002-2003-mas id\u00e9nyben\u00a0szerzett.<\/span>\r\n\r\n[embed]https:\/\/www.youtube.com\/watch?v=isWhURCm1oE[\/embed]\r\n\r\n<span style=\"color: #000080\"><strong>4,<\/strong> 2004-2006 k\u00f6z\u00f6tt a Juventus j\u00e1t\u00e9kosa volt a sv\u00e9d, a Benfica ellen szerzett tal\u00e1lata egy lopakod\u00f3 bomba volt. Zebramezesk\u00e9nt 70 meccsen 23 g\u00f3l az \u00e1tlaga.<\/span>\r\n\r\n[embed]https:\/\/www.youtube.com\/watch?v=I2RkX8e71kE[\/embed]\r\n\r\n<span style=\"color: #000080\"><strong>5,<\/strong> Id\u00e9n ny\u00e1ron szerz\u0151d\u00f6tt a PSG-hez, ahol igazi g\u00f3lg\u00e9p Ibra. Eddigi 14 meccs\u00e9n 12-szer votl eredm\u00e9nyes.\u00a0A k\u00f6vetkez\u0151 bom\u00e1val a Marseille kapuj\u00e1t vette be (a Watch on Youtube -ra kattintva megtekinthet\u0151 a g\u00f3l):<\/span>\r\n\r\n[embed]https:\/\/www.youtube.com\/watch?v=nkcTNsZVf6U[\/embed]\r\n\r\n<span style=\"color: #000080\"><strong>6,<\/strong> A ny\u00e1ri Eur\u00f3pa-bajnoks\u00e1gon is megvillantotta zsenialit\u00e1s\u00e1t a franci\u00e1k ellen:<\/span>\r\n\r\n[embed]https:\/\/www.youtube.com\/watch?v=G5sGuG5sBDg[\/embed]\r\n\r\n<span style=\"color: #000080\"><strong>7,<\/strong> A Milan j\u00e1t\u00e9kosak\u00e9nt sem fukarkodott a sz\u00e9p tal\u00e1latokkal:<\/span>\r\n\r\n[embed]https:\/\/www.youtube.com\/watch?v=QagUiC-Kot0[\/embed]","type":"rich"}

Kislány, nagy foci

László Ági

<p style="text-align: justify"><em>Zlatan Ibrahimovic</em> megosztó személyiség, de egy valamiben mindenki egyetért: tegnap az idei év eddigi legszebb gólját lőtte az angoloknak: 25 méterről ollózott <em>Joe Hart</em> kapujába. A svédek <span style="text-decoration: underline"><em>4:2-re</em> </span>győzték le a<em> Háromoroszlános</em> gárdát, Zlatan négyszer köszönt be. A mai fociból hiányoznak az igazi nagy egyéniségek, de<em> Ibrahimovic</em> egyike az utolsó mohikánoknak. A <em>Guardian</em> internetes kiadása a svéd óriás korábbi góljairól közölt egy videós összeállítás. Ebből szemezgettem, ámuljatok és bámuljatok.</p>
<p style="text-align: justify"><a href="https://kislanynagyfoci.cafeblog.hu/2012/11/15/ibrakadabra/ibra/" rel="attachment wp-att-4847570"><img class="aligncenter size-large wp-image-4847570" src="https://kislanynagyfoci.cafeblog.hu/files/2012/11/ibra-600x352.jpg" alt="" width="600" height="352" /></a></p>
<p style="text-align: justify"><span style="color: #000080"><strong>1,</strong> Anglia ellen lőtt 25 méteres ollózós találata, amelyről Steven Gerrard azt nyilatkozta, hogy pályafutása során látott már néhány szép gólt, de Ibrahimovic akrobatikus gólja mindet felülmúlja.</span></p>
[embed]https://www.youtube.com/watch?v=JiQVhYaehL0[/embed]

<span style="color: #000080"><strong>2,</strong> 2001-2004 között játszott az Ajaxban, ahol 74 meccsen 35 gólt szerzett. Következzék az egyik leghíresebb találata, amit a NAC Breda ellen szerzett. Az ellenfél játékosai azóta is szédülnek. :)</span>

[embed]https://www.youtube.com/watch?v=ZgqsaDnsEq8[/embed]

<span style="color: #000080"><strong>3,</strong> 2006-2009 között az Inter színeiben ontotta a gólokat Ibra, 88 meccsen 57 gól szerzett. A Bologna ellen balettmozdulathoz hasonló találatot ért el, ami kísértetiesen hasonlít Alex Del Piero Piacenzának lőtt góljára, amit a 2002-2003-mas idényben szerzett.</span>

[embed]https://www.youtube.com/watch?v=isWhURCm1oE[/embed]

<span style="color: #000080"><strong>4,</strong> 2004-2006 között a Juventus játékosa volt a svéd, a Benfica ellen szerzett találata egy lopakodó bomba volt. Zebramezesként 70 meccsen 23 gól az átlaga.</span>

[embed]https://www.youtube.com/watch?v=I2RkX8e71kE[/embed]

<span style="color: #000080"><strong>5,</strong> Idén nyáron szerződött a PSG-hez, ahol igazi gólgép Ibra. Eddigi 14 meccsén 12-szer votl eredményes. A következő bomával a Marseille kapuját vette be (a Watch on Youtube -ra kattintva megtekinthető a gól):</span>

[embed]https://www.youtube.com/watch?v=nkcTNsZVf6U[/embed]

<span style="color: #000080"><strong>6,</strong> A nyári Európa-bajnokságon is megvillantotta zsenialitását a franciák ellen:</span>

[embed]https://www.youtube.com/watch?v=G5sGuG5sBDg[/embed]

<span style="color: #000080"><strong>7,</strong> A Milan játékosaként sem fukarkodott a szép találatokkal:</span>

[embed]https://www.youtube.com/watch?v=QagUiC-Kot0[/embed]
